alculate the greatest common divisor of 99 and 17028.
99
Calculate the highest common factor of 28544 and 6016.
128
Calculate the greatest common divisor of 32 and 3103.
1
Calculate the greatest common factor of 33 and 1125652.
11
What is the highest common divisor of 22242 and 638?
22
Calculate the highest common divisor of 31458 and 4280.
214
Calculate the highest common divisor of 407235 and 30.
15
What is the greatest common factor of 2025170 and 35?
35
Calculate the highest common factor of 60 and 70820.
20
What is the highest common factor of 54 and 194646?
6
What is the highest common factor of 134 and 10787?
67
Calculate the highest common divisor of 52 and 67678.
26
What is the highest common factor of 2667 and 6477?
381
What is the greatest common factor of 15593 and 124?
31
What is the greatest common divisor of 5 and 51785?
5
What is the greatest common factor of 2 and 42374?
2
What is the highest common divisor of 433856 and 144?
16
What is the greatest common divisor of 52 and 10036?
52
Calculate the greatest common factor of 3166350 and 3800.
950
Calculate the highest common factor of 64 and 96736.
32
What is the greatest common factor of 19 and 46379?
19
What is the greatest common divisor of 18800 and 560?
80
What is the greatest common divisor of 968 and 54329?
121
What is the highest common factor of 13875 and 2000?
125
What is the highest common factor of 2188 and 32?
4
Calculate the highest common divisor of 22482 and 36.
18
What is the greatest common divisor of 76620 and 105?
15
What is the highest common factor of 126 and 194607?
63
Calculate the highest common divisor of 218779 and 495.
11
What is the highest common factor of 101 and 203515?
101
Calculate the highest common divisor of 2084 and 1223308.
2084
Calculate the greatest common divisor of 57056 and 592.
16
Calculate the highest common factor of 24881 and 895.
179
Calculate the highest common factor of 21908 and 36.
4
Calculate the greatest common factor of 1119499 and 19.
19
What is the highest common divisor of 448630 and 221?
221
What is the highest common divisor of 10791 and 14454?
99
Calculate the greatest common factor of 475020 and 420.
420
What is the greatest common factor of 38920 and 1120?
280
Calculate the greatest common divisor of 14809 and 295.
59
Calculate the highest common factor of 16328 and 1352.
104
Calculate the greatest common divisor of 21 and 455196.
21
What is the greatest common factor of 3032 and 25393?
379
Calculate the greatest common divisor of 840689 and 155.
31
Calculate the greatest common divisor of 4061 and 27714.
31
What is the highest common factor of 44 and 1643972?
44
Calculate the greatest common divisor of 1118598 and 624.
78
What is the highest common factor of 129047 and 51?
17
What is the highest common factor of 201 and 501?
3
Calculate the highest common factor of 241224 and 15048.
456
Calculate the highest common divisor of 8379 and 3249.
171
What is the greatest common factor of 33 and 72666?
33
Calculate the highest common factor of 54538 and 1518.
22
Calculate the greatest common factor of 74428 and 368.
92
What is the greatest common divisor of 3211 and 1843?
19
Calculate the greatest common divisor of 8165703 and 26.
13
Calculate the highest common factor of 1190 and 204170.
170
Calculate the greatest common divisor of 20923 and 243187.
343
Calculate the highest common factor of 2464 and 4576.
352
What is the highest common divisor of 9338 and 3864?
322
Calculate the highest common divisor of 57636 and 144.
36
Calculate the greatest common divisor of 117 and 403.
13
What is the greatest common divisor of 1945902 and 5136?
642
What is the highest common factor of 6182 and 616?
22
What is the highest common factor of 4134 and 42135?
159
Calculate the greatest common divisor of 6 and 14132.
2
What is the highest common factor of 529 and 621?
23
What is the highest common divisor of 2736 and 7216?
16
Calculate the highest common factor of 61362 and 14.
14
What is the highest common divisor of 12 and 30092?
4
What is the greatest common factor of 559 and 600925?
559
Calculate the highest common factor of 1336 and 398796.
668
Calculate the greatest common factor of 2536918 and 202.
202
Calculate the greatest common divisor of 607123 and 1067.
1067
What is the highest common divisor of 266 and 28994?
266
Calculate the greatest common factor of 82404 and 588.
84
Calculate the greatest common divisor of 588225 and 33.
33
Calculate the greatest common divisor of 16918 and 176.
22
Calculate the greatest common factor of 21862080 and 90.
90
Calculate the greatest common factor of 1120 and 4620.
140
What is the highest common factor of 9688 and 931259?
1211
Calculate the greatest common factor of 58 and 458606.
58
What is the greatest common divisor of 18281 and 30589?
181
What is the highest common divisor of 19 and 1415633?
19
Calculate the highest common factor of 46 and 296746.
46
What is the highest common divisor of 1984 and 1216?
64
What is the highest common factor of 3920 and 13800?
40
Calculate the greatest common divisor of 3057 and 6.
3
What is the highest common divisor of 1007 and 2131?
1
Calculate the highest common factor of 54 and 776628.
54
What is the highest common factor of 14625 and 319995?
585
Calculate the highest common factor of 1160616 and 37.
37
What is the highest common divisor of 363 and 12441?
33
Calculate the highest common divisor of 82 and 60106.
82
What is the greatest common divisor of 343408 and 254?
254
Calculate the greatest common factor of 2675836 and 8.
4
Calculate the greatest common divisor of 24 and 286872.
24
Calculate the highest common divisor of 92002 and 9376.
586
What is the greatest common divisor of 7807023 and 63?
63
What is the highest common divisor of 75121 and 2279?
43
What is the highest common factor of 79719 and 3?
3
What is the highest common divisor of 186449 and 47?
47
Calculate the greatest common divisor of 561 and 2193.
51
What is the greatest common factor of 4140 and 233082?
414
What is the highest common factor of 2703438 and 522?
522
Calculate the greatest common divisor of 2175 and 696.
87
Calculate the highest common divisor of 83565 and 105.
15
Calculate the highest common divisor of 102448 and 2432.
304
What is the greatest common divisor of 657505 and 15?
5
Calculate the highest common factor of 15252 and 13578.
186
Calculate the highest common factor of 25 and 7445.
5
Calculate the highest common factor of 165643 and 426.
71
Calculate the highest common divisor of 96720 and 48.
48
What is the highest common factor of 8025 and 765?
15
What is the greatest common factor of 4768 and 437464?
1192
Calculate the greatest common divisor of 1161786 and 454.
454
What is the highest common divisor of 1590 and 582?
6
Calculate the greatest common divisor of 64940 and 1719.
191
What is the highest common factor of 1394 and 37884?
82
What is the greatest common factor of 44562 and 798?
42
What is the highest common divisor of 4641 and 53703?
663
What is the highest common divisor of 3 and 7188?
3
What is the highest common factor of 896 and 518?
14
What is the highest common factor of 399 and 67526?
19
Calculate the greatest common factor of 15215 and 275.
5
What is the greatest common divisor of 6 and 3112?
2
What is the highest common divisor of 434 and 39830?
14
Calculate the greatest common divisor of 11726 and 2145.
143
Calculate the highest common factor of 777 and 4095.
21
What is the highest common factor of 1543529 and 4329?
481
What is the greatest common factor of 432 and 6246?
18
What is the highest common divisor of 156 and 154414?
26
Calculate the highest common divisor of 6792 and 60.
12
Calculate the greatest common divisor of 365582 and 14.
14
What is the highest common divisor of 7425 and 702?
27
What is the highest common divisor of 3 and 68717?
1
What is the greatest common factor of 708048 and 176?
176
What is the highest common factor of 186 and 714?
6
What is the greatest common factor of 226 and 110?
2
Calculate the highest common divisor of 118 and 552.
2
What is the greatest common divisor of 6425 and 100?
25
What is the greatest common divisor of 5239871 and 91?
91
Calculate the highest common divisor of 10 and 7822.
2
What i